{"id":5076,"date":"2025-10-23T10:57:07","date_gmt":"2025-10-23T08:57:07","guid":{"rendered":"http:\/\/bruxelles.aideetsoinsadomicile.be\/?post_type=service&#038;p=5076"},"modified":"2026-04-28T12:55:15","modified_gmt":"2026-04-28T10:55:15","slug":"aide-a-lentretien-menager","status":"publish","type":"service","link":"https:\/\/bruxelles.aideetsoinsadomicile.be\/nl\/service\/aide-a-lentretien-menager\/","title":{"rendered":"Helpen met het huishouden"},"content":{"rendered":"","protected":false},"author":1,"featured_media":6386,"parent":0,"menu_order":2,"template":"","format":"standard","meta":{"_acf_changed":false,"_seopress_robots_primary_cat":"","_seopress_titles_title":"","_seopress_titles_desc":"","_seopress_robots_index":"","footnotes":""},"region":[10],"service_tax":[165],"type-de-service":[37],"class_list":["post-5076","service","type-service","status-publish","format-standard","has-post-thumbnail","hentry","region-bruxelles","service_tax-aide-entretien-menager","type-de-service-aide-a-la-vie-journaliere"],"acf":{"url_icone_du_service":1552,"descriptif_rapide":"<ul>\r\n \t<li>Entretien des pi\u00e8ces occup\u00e9es du logement, ainsi que les abords directs<\/li>\r\n \t<li>Petites lessives<\/li>\r\n \t<li>Repassage<\/li>\r\n \t<li>Vaisselle<\/li>\r\n \t<li>Petites courses: m\u00e9dicaments, pain, journaux\u2026<\/li>\r\n \t<li>Petite couture<\/li>\r\n \t<li>Lavage de vitres<\/li>\r\n \t<li>...<\/li>\r\n<\/ul>","descriptif_complet":"L'Aide \u00e0 l'entretien m\u00e9nager a pour but d'assurer l'entretien m\u00e9nager du domicile.","quels_soins_proposons_nous":"<ul>\r\n \t<li>entretien des pi\u00e8ces occup\u00e9es du logement, ainsi que les abords directs<\/li>\r\n \t<li>petites lessives<\/li>\r\n \t<li>repassage<\/li>\r\n \t<li>vaisselle<\/li>\r\n \t<li>petites courses: m\u00e9dicaments, pain, journaux\u2026<\/li>\r\n \t<li>petite couture<\/li>\r\n \t<li>lavage de vitres<\/li>\r\n \t<li>...<\/li>\r\n<\/ul>","une_organisation_pensee_pour_votre_confort_":"<span data-contrast=\"auto\">Le Responsable d'\u00e9quipe prend contact pour \u00e9valuer la situation et organiser un accompagnement personnalis\u00e9. Ensemble, la fr\u00e9quence et la dur\u00e9e des prestations sont d\u00e9finies.<\/span><span data-ccp-props=\"{}\">\u00a0<\/span>\r\n\r\n<span data-contrast=\"auto\">L\u2018Aide \u00e0 l'entretien m\u00e9nager peut \u00eatre mise en place une fois par semaine ou une fois tous les quinze jours du lundi au vendredi.\u00a0\u00a0<\/span>\r\n\r\n<span data-contrast=\"auto\">Sous la supervision du Responsable, et en collaboration avec les autres intervenants du domicile, notre personnel est inform\u00e9 de la situation et travaille en \u00e9quipe, pour assurer la continuit\u00e9 du service et s\u2019adapter au mieux aux besoins.<\/span><span data-ccp-props=\"{}\">\u00a0<\/span>","en_cas_d\u2019urgence_":"<span class=\"TextRun SCXW3515131 BCX0\" lang=\"FR\" xml:lang=\"FR\" data-contrast=\"auto\"><span class=\"NormalTextRun SCXW3515131 BCX0\">N<\/span><span class=\"NormalTextRun SCXW3515131 BCX0\">otre service\u00a0<\/span><span class=\"NormalTextRun SCXW3515131 BCX0\">est disponible par t\u00e9l\u00e9phone<\/span><span class=\"NormalTextRun SCXW3515131 BCX0\"> du lundi au vendredi de 08h \u00e0 16h<\/span><span class=\"NormalTextRun SCXW3515131 BCX0\">. <\/span><\/span>\r\n\r\n<span class=\"TextRun SCXW3515131 BCX0\" lang=\"FR\" xml:lang=\"FR\" data-contrast=\"auto\"><span class=\"NormalTextRun SCXW3515131 BCX0\">Pour les demandes urgentes<\/span><\/span><span class=\"TextRun SCXW3515131 BCX0\" lang=\"FR\" xml:lang=\"FR\" data-contrast=\"auto\"><span class=\"NormalTextRun SCXW3515131 BCX0\">, <\/span><span class=\"NormalTextRun SCXW3515131 BCX0\">un service de garde <\/span><span class=\"NormalTextRun SCXW3515131 BCX0\">est disponible par t\u00e9l\u00e9phone<\/span> <span class=\"NormalTextRun SCXW3515131 BCX0\">en dehors de nos horaires<\/span><span class=\"NormalTextRun SCXW3515131 BCX0\">,<\/span> <span class=\"NormalTextRun SCXW3515131 BCX0\">24h\/24 et 7j\/7.\u00a0<\/span><\/span><span class=\"EOP SCXW3515131 BCX0\" data-ccp-props=\"{}\">\u00a0<\/span>","tarification":"<span data-contrast=\"auto\">Le tarif est de 8,50 euros\/h et une prestation est de minimum 4 heures.\u00a0<\/span>\r\n\r\n<span data-contrast=\"auto\">Pour tout renseignement, vous pouvez nous contacter au <strong>02 647 03 66.\u00a0<\/strong><\/span>","phrase_de_cloture":"Nos \u00e9quipes accompagnent au quotidien avec comp\u00e9tence et humanit\u00e9, pour des aides et soins \u00e0 domicile en toute confiance.\u00a0"},"_links":{"self":[{"href":"https:\/\/bruxelles.aideetsoinsadomicile.be\/nl\/wp-json\/wp\/v2\/service\/5076","targetHints":{"allow":["GET"]}}],"collection":[{"href":"https:\/\/bruxelles.aideetsoinsadomicile.be\/nl\/wp-json\/wp\/v2\/service"}],"about":[{"href":"https:\/\/bruxelles.aideetsoinsadomicile.be\/nl\/wp-json\/wp\/v2\/types\/service"}],"author":[{"embeddable":true,"href":"https:\/\/bruxelles.aideetsoinsadomicile.be\/nl\/wp-json\/wp\/v2\/users\/1"}],"version-history":[{"count":10,"href":"https:\/\/bruxelles.aideetsoinsadomicile.be\/nl\/wp-json\/wp\/v2\/service\/5076\/revisions"}],"predecessor-version":[{"id":6355,"href":"https:\/\/bruxelles.aideetsoinsadomicile.be\/nl\/wp-json\/wp\/v2\/service\/5076\/revisions\/6355"}],"wp:featuredmedia":[{"embeddable":true,"href":"https:\/\/bruxelles.aideetsoinsadomicile.be\/nl\/wp-json\/wp\/v2\/media\/6386"}],"wp:attachment":[{"href":"https:\/\/bruxelles.aideetsoinsadomicile.be\/nl\/wp-json\/wp\/v2\/media?parent=5076"}],"wp:term":[{"taxonomy":"region","embeddable":true,"href":"https:\/\/bruxelles.aideetsoinsadomicile.be\/nl\/wp-json\/wp\/v2\/region?post=5076"},{"taxonomy":"service_tax","embeddable":true,"href":"https:\/\/bruxelles.aideetsoinsadomicile.be\/nl\/wp-json\/wp\/v2\/service_tax?post=5076"},{"taxonomy":"type-de-service","embeddable":true,"href":"https:\/\/bruxelles.aideetsoinsadomicile.be\/nl\/wp-json\/wp\/v2\/type-de-service?post=5076"}],"curies":[{"name":"wp","href":"https:\/\/api.w.org\/{rel}","templated":true}]}}

<ul>
 	<li>Entretien des pièces occupées du logement, ainsi que les abords directs</li>
 	<li>Petites lessives</li>
 	<li>Repassage</li>
 	<li>Vaisselle</li>
 	<li>Petites courses: médicaments, pain, journaux…</li>
 	<li>Petite couture</li>
 	<li>Lavage de vitres</li>
 	<li>...</li>
</ul>

L'Aide à l'entretien ménager a pour but d'assurer l'entretien ménager du domicile.

<ul>
 	<li>entretien des pièces occupées du logement, ainsi que les abords directs</li>
 	<li>petites lessives</li>
 	<li>repassage</li>
 	<li>vaisselle</li>
 	<li>petites courses: médicaments, pain, journaux…</li>
 	<li>petite couture</li>
 	<li>lavage de vitres</li>
 	<li>...</li>
</ul>

<span data-contrast="auto">Le Responsable d'équipe prend contact pour évaluer la situation et organiser un accompagnement personnalisé. Ensemble, la fréquence et la durée des prestations sont définies.</span><span data-ccp-props="{}"> </span>

<span data-contrast="auto">L‘Aide à l'entretien ménager peut être mise en place une fois par semaine ou une fois tous les quinze jours du lundi au vendredi.  </span>

<span data-contrast="auto">Sous la supervision du Responsable, et en collaboration avec les autres intervenants du domicile, notre personnel est informé de la situation et travaille en équipe, pour assurer la continuité du service et s’adapter au mieux aux besoins.</span><span data-ccp-props="{}"> </span>

<span class="TextRun SCXW3515131 BCX0" lang="FR" xml:lang="FR" data-contrast="auto"><span class="NormalTextRun SCXW3515131 BCX0">N</span><span class="NormalTextRun SCXW3515131 BCX0">otre service </span><span class="NormalTextRun SCXW3515131 BCX0">est disponible par téléphone</span><span class="NormalTextRun SCXW3515131 BCX0"> du lundi au vendredi de 08h à 16h</span><span class="NormalTextRun SCXW3515131 BCX0">. </span></span>

<span class="TextRun SCXW3515131 BCX0" lang="FR" xml:lang="FR" data-contrast="auto"><span class="NormalTextRun SCXW3515131 BCX0">Pour les demandes urgentes</span></span><span class="TextRun SCXW3515131 BCX0" lang="FR" xml:lang="FR" data-contrast="auto"><span class="NormalTextRun SCXW3515131 BCX0">, </span><span class="NormalTextRun SCXW3515131 BCX0">un service de garde </span><span class="NormalTextRun SCXW3515131 BCX0">est disponible par téléphone</span> <span class="NormalTextRun SCXW3515131 BCX0">en dehors de nos horaires</span><span class="NormalTextRun SCXW3515131 BCX0">,</span> <span class="NormalTextRun SCXW3515131 BCX0">24h/24 et 7j/7. </span></span><span class="EOP SCXW3515131 BCX0" data-ccp-props="{}"> </span>

Nos équipes accompagnent au quotidien avec compétence et humanité, pour des aides et soins à domicile en toute confiance.
