{"id":3,"date":"2023-05-12T08:58:27","date_gmt":"2023-05-12T08:58:16","guid":{"rendered":"http:\/\/bruxelles.aideetsoinsadomicile.be\/?page_id=3"},"modified":"2025-10-21T17:57:00","modified_gmt":"2025-10-21T15:57:00","slug":"privacybeleid","status":"publish","type":"page","link":"https:\/\/bruxelles.aideetsoinsadomicile.be\/nl\/a-propos\/politique-de-confidentialite\/","title":{"rendered":"Privacybeleid"},"content":{"rendered":"<div data-elementor-type=\"wp-page\" data-elementor-id=\"3\" class=\"elementor elementor-3\" data-elementor-post-type=\"page\">\n\t\t\t\t<div class=\"elementor-element elementor-element-4572e258 e-flex e-con-boxed e-con e-parent\" data-id=\"4572e258\" data-element_type=\"container\" data-e-type=\"container\">\n\t\t\t\t\t<div class=\"e-con-inner\">\n\t\t\t\t<div class=\"elementor-element elementor-element-35694e35 elementor-widget elementor-widget-text-editor\" data-id=\"35694e35\" data-element_type=\"widget\" data-e-type=\"widget\" data-widget_type=\"text-editor.default\">\n\t\t\t\t\t\t\t\t\t<h2>WAAROM EEN VERTROUWELIJKHEIDSBELEID?<\/h2>\n<p>Wij hechten belang aan het respecteren van de persoonsgegevens van onze begunstigden. Wij verbinden ons ertoe om ze met de grootste zorg te behandelen en het hoogste beschermingsniveau te garanderen in overeenstemming met Verordening 2016\/679 van 27 april 2016 betreffende de bescherming van natuurlijke personen in verband met de verwerking van persoonsgegevens en betreffende het vrije verkeer van die gegevens (hierna \u00abRGPD\u00bb) en de \u00abWet betreffende de bescherming van natuurlijke personen in verband met de verwerking van persoonsgegevens\u00bb van 30\/07\/2018.<\/p>\n<p>Dit vertrouwelijkheidsbeleid heeft betrekking op de verwerking van persoonsgegevens die worden verstrekt aan de F\u00e9d\u00e9ration de l'Aide et Soins \u00e0 Domicile (hierna \u00abde F\u00e9d\u00e9ration\" genoemd).\u00ab <strong>FASD<\/strong> \u00bb) via de contact- en sollicitatieformulieren op de website.<\/p>\n<p>Het biedt informatie over :<\/p>\n<ul>\n  <li>De redenen voor het verzamelen van uw persoonlijke gegevens.<\/li>\n  <li>Hoe we uw persoonlijke gegevens gebruiken.<\/li>\n  <li>De rechten die u hebt met betrekking tot uw persoonlijke gegevens en hoe u deze kunt uitoefenen.<\/li>\n<\/ul>\n\n<h2>WIE IS VERANTWOORDELIJK VOOR DE VERWERKING?<\/h2>\n<p>De gegevensbeheerder is <strong>FASD<\/strong> waarvan de maatschappelijke zetel gevestigd is te rue de Fernelmont 40-42, 5020 Namur en geregistreerd bij de ECB onder nummer 0449690614.<\/p>\n\n<h2>WAAROM VERZAMELEN WE UW PERSOONLIJKE GEGEVENS?<\/h2>\n<p>Deze gegevens worden verzameld wanneer u de site bezoekt, wanneer u ons contactformulier invult, wanneer u per e-mail contact met ons opneemt of wanneer u reageert op een vacature.<\/p>\n<p>U bent nooit verplicht om het contactformulier in te vullen, contact met ons op te nemen via e-mail of te solliciteren naar een baan via de site.<\/p>\n<p>Persoonlijke gegevens kunnen voor de volgende doeleinden worden verwerkt:<\/p>\n<ul>\n  <li>Om de gebruiker in staat te stellen contact met ons op te nemen.<\/li>\n  <li>Om onze diensten te kunnen instellen door opnieuw contact met u op te nemen als u dat wenst via het aanvraagformulier (e-mails, telefoontjes, post).<\/li>\n  <li>Om ons in staat te stellen onze diensten te verbeteren door tevredenheidsonderzoeken uit te voeren.<\/li>\n  <li>Gebruikers in staat stellen online te solliciteren.<\/li>\n<\/ul>\n\n<h2>WAT ZIJN DE RECHTSGRONDEN VOOR VERWERKING?<\/h2>\n<p>De rechtsgrondslag voor de verwerking is de <strong>toestemming<\/strong> (Art. 6 a van de RGPD) die u ondubbelzinnig kenbaar maakt door op de knop RGPD-toestemming te klikken en vervolgens op \u00abverzenden\u00bb te klikken.<\/p>\n\n<h2>MET WIE DELEN WIJ UW PERSOONLIJKE GEGEVENS?<\/h2>\n<p>Persoonlijke gegevens die via het online formulier worden verzameld, worden uitsluitend door medewerkers van FASD verwerkt. Ze worden nooit met iemand anders gedeeld.<\/p>\n\n<h2>GEBRUIKEN WE UW PERSOONLIJKE GEGEVENS OP EEN ANDERE MANIER?<\/h2>\n<p>Nee, we geven of verkopen je gegevens niet door aan andere organisaties of bedrijven.<\/p>\n\n<h2>HOE LANG BEWAREN WE UW PERSOONLIJKE GEGEVENS?<\/h2>\n<p>Uw persoonlijke gegevens worden bewaard gedurende een periode die in overeenstemming is met de wettelijke bepalingen of met de doeleinden waarvoor ze zijn verzameld.<\/p>\n\n<h2>WAT ZIJN UW RECHTEN?<\/h2>\n<p>We willen u zo duidelijk mogelijk informeren over uw rechten met betrekking tot uw persoonlijke gegevens.<\/p>\n\n<h3>Het recht op toegang<\/h3>\n<p>U hebt toegang tot alle volgende informatie op :<\/p>\n<ul>\n  <li>De categorie\u00ebn persoonlijke gegevens die we over u verzamelen.<\/li>\n  <li>Waarom we ze gebruiken.<\/li>\n  <li>De categorie\u00ebn van personen aan wie uw persoonlijke gegevens zijn of zullen worden verstrekt.<\/li>\n  <li>Hoe lang we uw persoonlijke gegevens bewaren.<\/li>\n<\/ul>\n\n<h3>Het recht op correctie<\/h3>\n<p>U kunt ons vragen om uw persoonlijke gegevens te corrigeren en\/of bij te werken.<\/p>\n\n<h3>Het recht op wissen (het recht om vergeten te worden)<\/h3>\n<p>U kunt ook te allen tijde contact met ons opnemen om ons te vragen de persoonlijke gegevens die wij over u verwerken te verwijderen als deze niet langer nodig zijn voor de doeleinden waarvoor ze zijn verzameld of verwerkt.<\/p>\n\n<h3>Het recht om uw toestemming op elk moment in te trekken<\/h3>\n<p>Om dit recht uit te oefenen, kunt u contact opnemen met onze DPO (zie volgende punt).<\/p>\n\n<h3>Het recht op overdraagbaarheid<\/h3>\n<p>Dit recht geeft u de mogelijkheid om uw persoonlijke gegevens gemakkelijker en specifieker te controleren:<\/p>\n<ul>\n  <li>Om uw persoonlijke gegevens op te vragen die door ons worden verwerkt voor uw persoonlijk gebruik.<\/li>\n  <li>Om uw persoonlijke gegevens van ons over te dragen aan een ander bedrijf, hetzij door u of rechtstreeks door ons, op voorwaarde dat een dergelijke rechtstreekse overdracht \u00abtechnisch haalbaar\u00bb is.<\/li>\n<\/ul>\n\n<h2>HEB JE EEN VRAAG OF WIL JE JE RECHTEN UITOEFENEN?<\/h2>\n<p>Als u vragen hebt over de bescherming van persoonsgegevens, kunt u contact opnemen met onze functionaris voor gegevensbescherming (Data Protection Officer, DPO).<\/p>\n<p>U kunt op de volgende manieren contact met ons opnemen:<br>\nPer e-mail naar <a href=\"mailto:dpo@fasd.be\">dpo@fasd.be<\/a><br>\nPer post gericht aan Verantwoordelijke voor gegevensbescherming, Fernelmontstraat 40-42, 5020 Namen<\/p>\n<p>Wanneer u om de uitoefening van een recht verzoekt, is het belangrijk om aan te geven welk recht u wilt uitoefenen, de redenen voor uw verzoek en een kopie van beide zijden van uw identiteitskaart bij te voegen.<\/p>\n\n<h2>WORDEN UW PERSOONLIJKE GEGEVENS NAAR HET BUITENLAND VERZONDEN?<\/h2>\n<p>Nee, uw persoonlijke gegevens worden niet doorgegeven buiten de Europese Economische Ruimte.<\/p>\n\n<h2>EEN KLACHT INDIENEN?<\/h2>\n<p>Heb je het gevoel dat we je persoonlijke gegevens niet voldoende beschermen? Neem dan rechtstreeks contact met ons op.<\/p>\n<p>U hebt ook het recht om een klacht in te dienen bij de Belgische Gegevensbeschermingsautoriteit:<\/p>\n<p><strong>Gegevensbeschermingsautoriteit<\/strong><br>\nPressestraat 35, 1000 Brussel<br>\n+32 (0)2 274 48 00 - +32 (0)2 274 48 35 - <a href=\"mailto:contact@apd-gba.be\">contact@apd-gba.be<\/a><br>\n<a href=\"https:\/\/www.autoriteprotectiondonnees.be\/\" target=\"_blank\" rel=\"noopener noreferrer nofollow\">https:\/\/www.autoriteprotectiondonnees.be\/<\/a><\/p>\n\n<h2>VERANDERINGEN<\/h2>\n<p>We kunnen te allen tijde om verschillende redenen correcties, aanvullingen of wijzigingen aanbrengen in dit privacybeleid.<\/p>\t\t\t\t\t\t\t\t<\/div>\n\t\t\t\t\t<\/div>\n\t\t\t\t<\/div>\n\t\t\t\t<\/div>","protected":false},"excerpt":{"rendered":"<p>POURQUOI UNE POLITIQUE DE CONFIDENTIALIT\u00c9&nbsp;? Nous attachons de l\u2019importance \u00e0 respecter les donn\u00e9es \u00e0 caract\u00e8re personnel de nos b\u00e9n\u00e9ficiaires. Nous nous engageons \u00e0 les traiter avec le plus grand soin et \u00e0 en assurer le meilleur niveau de protection conform\u00e9ment au R\u00e8glement 2016\/679 du 27 avril 2016 relatif \u00e0 la protection des personnes physiques \u00e0 [&hellip;]<\/p>","protected":false},"author":1,"featured_media":0,"parent":2482,"menu_order":3,"comment_status":"closed","ping_status":"closed","template":"","meta":{"_acf_changed":false,"_seopress_robots_primary_cat":"","_seopress_titles_title":"","_seopress_titles_desc":"","_seopress_robots_index":"","footnotes":""},"class_list":["post-3","page","type-page","status-publish","hentry"],"acf":[],"_links":{"self":[{"href":"https:\/\/bruxelles.aideetsoinsadomicile.be\/nl\/wp-json\/wp\/v2\/pages\/3","targetHints":{"allow":["GET"]}}],"collection":[{"href":"https:\/\/bruxelles.aideetsoinsadomicile.be\/nl\/wp-json\/wp\/v2\/pages"}],"about":[{"href":"https:\/\/bruxelles.aideetsoinsadomicile.be\/nl\/wp-json\/wp\/v2\/types\/page"}],"author":[{"embeddable":true,"href":"https:\/\/bruxelles.aideetsoinsadomicile.be\/nl\/wp-json\/wp\/v2\/users\/1"}],"replies":[{"embeddable":true,"href":"https:\/\/bruxelles.aideetsoinsadomicile.be\/nl\/wp-json\/wp\/v2\/comments?post=3"}],"version-history":[{"count":9,"href":"https:\/\/bruxelles.aideetsoinsadomicile.be\/nl\/wp-json\/wp\/v2\/pages\/3\/revisions"}],"predecessor-version":[{"id":6027,"href":"https:\/\/bruxelles.aideetsoinsadomicile.be\/nl\/wp-json\/wp\/v2\/pages\/3\/revisions\/6027"}],"up":[{"embeddable":true,"href":"https:\/\/bruxelles.aideetsoinsadomicile.be\/nl\/wp-json\/wp\/v2\/pages\/2482"}],"wp:attachment":[{"href":"https:\/\/bruxelles.aideetsoinsadomicile.be\/nl\/wp-json\/wp\/v2\/media?parent=3"}],"curies":[{"name":"wp","href":"https:\/\/api.w.org\/{rel}","templated":true}]}}

<div data-elementor-type="wp-page" data-elementor-id="3" class="elementor elementor-3" data-elementor-post-type="page">
				<div class="elementor-element elementor-element-4572e258 e-flex e-con-boxed e-con e-parent" data-id="4572e258" data-element_type="container" data-e-type="container">
					<div class="e-con-inner">
				<div class="elementor-element elementor-element-35694e35 elementor-widget elementor-widget-text-editor" data-id="35694e35" data-element_type="widget" data-e-type="widget" data-widget_type="text-editor.default">
									<h2>WAAROM EEN VERTROUWELIJKHEIDSBELEID?</h2>
<p>Wij hechten belang aan het respecteren van de persoonsgegevens van onze begunstigden. Wij verbinden ons ertoe om ze met de grootste zorg te behandelen en het hoogste beschermingsniveau te garanderen in overeenstemming met Verordening 2016/679 van 27 april 2016 betreffende de bescherming van natuurlijke personen in verband met de verwerking van persoonsgegevens en betreffende het vrije verkeer van die gegevens (hierna «RGPD») en de «Wet betreffende de bescherming van natuurlijke personen in verband met de verwerking van persoonsgegevens» van 30/07/2018.</p>
<p>Dit vertrouwelijkheidsbeleid heeft betrekking op de verwerking van persoonsgegevens die worden verstrekt aan de Fédération de l'Aide et Soins à Domicile (hierna «de Fédération" genoemd).« <strong>FASD</strong> ») via de contact- en sollicitatieformulieren op de website.</p>
<p>Het biedt informatie over :</p>
<ul>
  <li>De redenen voor het verzamelen van uw persoonlijke gegevens.</li>
  <li>Hoe we uw persoonlijke gegevens gebruiken.</li>
  <li>De rechten die u hebt met betrekking tot uw persoonlijke gegevens en hoe u deze kunt uitoefenen.</li>
</ul>

<h2>WIE IS VERANTWOORDELIJK VOOR DE VERWERKING?</h2>
<p>De gegevensbeheerder is <strong>FASD</strong> waarvan de maatschappelijke zetel gevestigd is te rue de Fernelmont 40-42, 5020 Namur en geregistreerd bij de ECB onder nummer 0449690614.</p>

<h2>WAAROM VERZAMELEN WE UW PERSOONLIJKE GEGEVENS?</h2>
<p>Deze gegevens worden verzameld wanneer u de site bezoekt, wanneer u ons contactformulier invult, wanneer u per e-mail contact met ons opneemt of wanneer u reageert op een vacature.</p>
<p>U bent nooit verplicht om het contactformulier in te vullen, contact met ons op te nemen via e-mail of te solliciteren naar een baan via de site.</p>
<p>Persoonlijke gegevens kunnen voor de volgende doeleinden worden verwerkt:</p>
<ul>
  <li>Om de gebruiker in staat te stellen contact met ons op te nemen.</li>
  <li>Om onze diensten te kunnen instellen door opnieuw contact met u op te nemen als u dat wenst via het aanvraagformulier (e-mails, telefoontjes, post).</li>
  <li>Om ons in staat te stellen onze diensten te verbeteren door tevredenheidsonderzoeken uit te voeren.</li>
  <li>Gebruikers in staat stellen online te solliciteren.</li>
</ul>

<h2>WAT ZIJN DE RECHTSGRONDEN VOOR VERWERKING?</h2>
<p>De rechtsgrondslag voor de verwerking is de <strong>toestemming</strong> (Art. 6 a van de RGPD) die u ondubbelzinnig kenbaar maakt door op de knop RGPD-toestemming te klikken en vervolgens op «verzenden» te klikken.</p>

<h2>MET WIE DELEN WIJ UW PERSOONLIJKE GEGEVENS?</h2>
<p>Persoonlijke gegevens die via het online formulier worden verzameld, worden uitsluitend door medewerkers van FASD verwerkt. Ze worden nooit met iemand anders gedeeld.</p>

<h2>GEBRUIKEN WE UW PERSOONLIJKE GEGEVENS OP EEN ANDERE MANIER?</h2>
<p>Nee, we geven of verkopen je gegevens niet door aan andere organisaties of bedrijven.</p>

<h2>HOE LANG BEWAREN WE UW PERSOONLIJKE GEGEVENS?</h2>
<p>Uw persoonlijke gegevens worden bewaard gedurende een periode die in overeenstemming is met de wettelijke bepalingen of met de doeleinden waarvoor ze zijn verzameld.</p>

<h2>WAT ZIJN UW RECHTEN?</h2>
<p>We willen u zo duidelijk mogelijk informeren over uw rechten met betrekking tot uw persoonlijke gegevens.</p>

<h3>Het recht op toegang</h3>
<p>U hebt toegang tot alle volgende informatie op :</p>
<ul>
  <li>De categorieën persoonlijke gegevens die we over u verzamelen.</li>
  <li>Waarom we ze gebruiken.</li>
  <li>De categorieën van personen aan wie uw persoonlijke gegevens zijn of zullen worden verstrekt.</li>
  <li>Hoe lang we uw persoonlijke gegevens bewaren.</li>
</ul>

<h3>Het recht op correctie</h3>
<p>U kunt ons vragen om uw persoonlijke gegevens te corrigeren en/of bij te werken.</p>

<h3>Het recht op wissen (het recht om vergeten te worden)</h3>
<p>U kunt ook te allen tijde contact met ons opnemen om ons te vragen de persoonlijke gegevens die wij over u verwerken te verwijderen als deze niet langer nodig zijn voor de doeleinden waarvoor ze zijn verzameld of verwerkt.</p>

<h3>Het recht om uw toestemming op elk moment in te trekken</h3>
<p>Om dit recht uit te oefenen, kunt u contact opnemen met onze DPO (zie volgende punt).</p>

<h3>Het recht op overdraagbaarheid</h3>
<p>Dit recht geeft u de mogelijkheid om uw persoonlijke gegevens gemakkelijker en specifieker te controleren:</p>
<ul>
  <li>Om uw persoonlijke gegevens op te vragen die door ons worden verwerkt voor uw persoonlijk gebruik.</li>
  <li>Om uw persoonlijke gegevens van ons over te dragen aan een ander bedrijf, hetzij door u of rechtstreeks door ons, op voorwaarde dat een dergelijke rechtstreekse overdracht «technisch haalbaar» is.</li>
</ul>

<h2>HEB JE EEN VRAAG OF WIL JE JE RECHTEN UITOEFENEN?</h2>
<p>Als u vragen hebt over de bescherming van persoonsgegevens, kunt u contact opnemen met onze functionaris voor gegevensbescherming (Data Protection Officer, DPO).</p>
<p>U kunt op de volgende manieren contact met ons opnemen:<br>
Per e-mail naar <a href="mailto:dpo@fasd.be">dpo@fasd.be</a><br>
Per post gericht aan Verantwoordelijke voor gegevensbescherming, Fernelmontstraat 40-42, 5020 Namen</p>
<p>Wanneer u om de uitoefening van een recht verzoekt, is het belangrijk om aan te geven welk recht u wilt uitoefenen, de redenen voor uw verzoek en een kopie van beide zijden van uw identiteitskaart bij te voegen.</p>

<h2>WORDEN UW PERSOONLIJKE GEGEVENS NAAR HET BUITENLAND VERZONDEN?</h2>
<p>Nee, uw persoonlijke gegevens worden niet doorgegeven buiten de Europese Economische Ruimte.</p>

<h2>EEN KLACHT INDIENEN?</h2>
<p>Heb je het gevoel dat we je persoonlijke gegevens niet voldoende beschermen? Neem dan rechtstreeks contact met ons op.</p>
<p>U hebt ook het recht om een klacht in te dienen bij de Belgische Gegevensbeschermingsautoriteit:</p>
<p><strong>Gegevensbeschermingsautoriteit</strong><br>
Pressestraat 35, 1000 Brussel<br>
+32 (0)2 274 48 00 - +32 (0)2 274 48 35 - <a href="mailto:contact@apd-gba.be">contact@apd-gba.be</a><br>
<a href="https://www.autoriteprotectiondonnees.be/" target="_blank" rel="noopener noreferrer nofollow">https://www.autoriteprotectiondonnees.be/</a></p>

<h2>VERANDERINGEN</h2>
<p>We kunnen te allen tijde om verschillende redenen correcties, aanvullingen of wijzigingen aanbrengen in dit privacybeleid.</p>								</div>
					</div>
				</div>
				</div>

<p>POURQUOI UNE POLITIQUE DE CONFIDENTIALITÉ&nbsp;? Nous attachons de l’importance à respecter les données à caractère personnel de nos bénéficiaires. Nous nous engageons à les traiter avec le plus grand soin et à en assurer le meilleur niveau de protection conformément au Règlement 2016/679 du 27 avril 2016 relatif à la protection des personnes physiques à [&hellip;]</p>
