{"id":2349,"date":"2025-07-16T11:19:38","date_gmt":"2025-07-16T09:19:38","guid":{"rendered":"http:\/\/bruxelles.aideetsoinsadomicile.be\/?post_type=service&#038;p=2349"},"modified":"2026-04-28T12:55:32","modified_gmt":"2026-04-28T10:55:32","slug":"aide-menagere-sociale","status":"publish","type":"service","link":"https:\/\/bruxelles.aideetsoinsadomicile.be\/en\/service\/aide-menagere-sociale\/","title":{"rendered":"Social household help"},"content":{"rendered":"\n<p><span data-contrast=\"auto\">L&rsquo;Aide m\u00e9nag\u00e8re sociale est une aide dans l&rsquo;entretien du logement avec une approche sociale. Il s&rsquo;agit de permettre de vivre chez soi dans un environnement propre, agr\u00e9able et s\u00e9curis\u00e9 tout en assurant une pr\u00e9sence bienveillante, un soutien concret et une \u00e9coute active.<\/span><span data-ccp-props=\"{}\">\u00a0<\/span><\/p>\n<p><b><span data-contrast=\"none\">En fonction des besoins<\/span><\/b><span data-ccp-props=\"{&quot;134245418&quot;:true,&quot;134245529&quot;:true,&quot;335559738&quot;:280,&quot;335559739&quot;:80}\">\u00a0<\/span><\/p>\n<ul>\n<li data-leveltext=\"\u25cf\" data-font=\"\" data-listid=\"15\" data-list-defn-props=\"{&quot;335552541&quot;:1,&quot;335559685&quot;:360,&quot;335559991&quot;:360,&quot;469769242&quot;:[8226],&quot;469777803&quot;:&quot;left&quot;,&quot;469777804&quot;:&quot;\u25cf&quot;,&quot;469777815&quot;:&quot;multilevel&quot;}\" data-aria-posinset=\"12\" data-aria-level=\"1\"><span data-contrast=\"auto\">Aide \u00e0 l\u2019entretien&nbsp;: <\/span><span data-contrast=\"auto\">nettoyage des pi\u00e8ces d\u2019habitation, de la vaisselle et son rangement, du changement des draps de lit et de la lessive et du repassage<\/span><span data-contrast=\"auto\">.<\/span><span data-ccp-props=\"{}\">\u00a0<\/span><\/li>\n<\/ul>\n<ul>\n<li data-leveltext=\"\u25cf\" data-font=\"\" data-listid=\"15\" data-list-defn-props=\"{&quot;335552541&quot;:1,&quot;335559685&quot;:360,&quot;335559991&quot;:360,&quot;469769242&quot;:[8226],&quot;469777803&quot;:&quot;left&quot;,&quot;469777804&quot;:&quot;\u25cf&quot;,&quot;469777815&quot;:&quot;multilevel&quot;}\" data-aria-posinset=\"13\" data-aria-level=\"1\"><span data-contrast=\"auto\">Soutien moral&nbsp;: pr\u00e9sence rassurante, stimulation de l\u2019autonomie, lutte contre l\u2019isolement&#8230;<\/span><span data-ccp-props=\"{}\">\u00a0<\/span><\/li>\n<\/ul>\n<p><span data-ccp-props=\"{}\">\u00a0<\/span><\/p>\n<p><b><span data-contrast=\"none\">Organisation pens\u00e9e pour le bien-\u00eatre \u00e0 domicile<\/span><\/b><span data-ccp-props=\"{&quot;134245418&quot;:true,&quot;134245529&quot;:true,&quot;335559738&quot;:280,&quot;335559739&quot;:80}\">\u00a0<\/span><\/p>\n<p><span data-contrast=\"auto\">Un travailleur social se rend d\u2019abord au domicile pour \u00e9valuer la situation et organiser un accompagnement personnalis\u00e9. Ensemble, la fr\u00e9quence et la dur\u00e9e des prestations sont d\u00e9finies, en fonction des besoins du b\u00e9n\u00e9ficiaire et des disponibilit\u00e9s du service.<\/span><span data-ccp-props=\"{}\">\u00a0<\/span><\/p>\n<p><span data-ccp-props=\"{}\">\u00a0<\/span><\/p>\n<p><span data-contrast=\"auto\">Sous la supervision du travailleur social, et en collaboration avec les autres intervenants du domicile, notre personnel est inform\u00e9 de la situation et travaille en \u00e9quipe, pour assurer la continuit\u00e9 du service et s\u2019adapter au mieux aux besoins.<\/span><span data-ccp-props=\"{}\">\u00a0<\/span><\/p>\n<p><span data-ccp-props=\"{}\">\u00a0<\/span><\/p>\n<p><b><span data-contrast=\"none\">Permanence t\u00e9l\u00e9phonique\u00a0<\/span><\/b><span data-ccp-props=\"{&quot;134245418&quot;:true,&quot;134245529&quot;:true,&quot;335559738&quot;:280,&quot;335559739&quot;:80}\">\u00a0<\/span><\/p>\n<p><span data-contrast=\"auto\">Notre service est disponible par t\u00e9l\u00e9phone du lundi au vendredi de 08h30 \u00e0 16h30. Pour les urgences uniquement, notre service de garde est disponible par t\u00e9l\u00e9phone en dehors de nos horaires, 24h\/24 et 7j\/7.\u00a0<\/span><span data-ccp-props=\"{}\">\u00a0<\/span><\/p>\n<p><b><span data-contrast=\"none\">Tarification<\/span><\/b><span data-ccp-props=\"{&quot;134245418&quot;:true,&quot;134245529&quot;:true,&quot;335559738&quot;:280,&quot;335559739&quot;:80}\">\u00a0<\/span><\/p>\n<p><span data-contrast=\"auto\">Les tarifs peuvent varier selon le type de prestation et la situation personnelle.<\/span><span data-ccp-props=\"{}\">\u00a0<\/span><\/p>\n<p><span data-ccp-props=\"{}\">\u00a0<\/span><\/p>\n<p><span data-contrast=\"auto\">Pour conna\u00eetre les conditions exactes qui s\u2019appliquent, contactez l\u2019ASD de votre r\u00e9gion.<\/span><span data-ccp-props=\"{}\">\u00a0<\/span><\/p>\n<p><span data-ccp-props=\"{}\">\u00a0<\/span><\/p>\n<p><span data-contrast=\"auto\">Nos \u00e9quipes accompagnent au quotidien avec comp\u00e9tence et humanit\u00e9, pour des aides \u00e0 domicile en toute confiance.<\/span><span data-ccp-props=\"{}\">\u00a0<\/span><\/p>\n<p><span data-ccp-props=\"{}\">\u00a0<\/span><\/p>\n<p><b><span data-contrast=\"auto\">BRABANT WALLON &#8211; BRUXELLES &#8211; HAINAUT ORIENTAL &#8211; HAINAUT PICARDIE &#8211; LI\u00c8GE &#8211; LUXEMBOURG &#8211; NAMUR &#8211; VERVIERS &#8211; OSTBELGIEN<\/span><\/b><span data-ccp-props=\"{&quot;335551550&quot;:2,&quot;335551620&quot;:2}\">\u00a0<\/span><\/p>","protected":false},"author":1,"featured_media":6082,"parent":0,"menu_order":1,"template":"","format":"standard","meta":{"_acf_changed":false,"_seopress_robots_primary_cat":"","_seopress_titles_title":"","_seopress_titles_desc":"","_seopress_robots_index":"","footnotes":""},"region":[11,10,12,13,14,15,16,17,18],"service_tax":[26],"type-de-service":[37],"class_list":["post-2349","service","type-service","status-publish","format-standard","has-post-thumbnail","hentry","region-brabant-wallon","region-bruxelles","region-hainaut-oriental","region-hainaut-picardie","region-liege-huy-waremme","region-luxembourg","region-namur","region-ostbelgien","region-verviers","service_tax-aide-menagere","type-de-service-aide-a-la-vie-journaliere"],"acf":{"url_icone_du_service":529,"descriptif_rapide":"<ul>\r\n \t<li>Changements de draps de lits<\/li>\r\n \t<li>Conseil \u00e0 la s\u00e9curit\u00e9 du domicile<\/li>\r\n \t<li>Entretien des pi\u00e8ces d'habitation<\/li>\r\n \t<li>Lessive<\/li>\r\n \t<li>Nettoyage divers (vaisselle, surfaces...)<\/li>\r\n \t<li>Pr\u00e9sence et \u00e9coute<\/li>\r\n \t<li>Repassage<\/li>\r\n \t<li>...<\/li>\r\n<\/ul>","descriptif_complet":"<span class=\"TextRun SCXW128955824 BCX0\" lang=\"FR-FR\" xml:lang=\"FR-FR\" data-contrast=\"auto\"><span class=\"NormalTextRun SCXW128955824 BCX0\">L'Aide m\u00e9nag\u00e8re sociale est une aide dans l'entretien <\/span><span class=\"NormalTextRun SCXW128955824 BCX0\">du<\/span><span class=\"NormalTextRun SCXW128955824 BCX0\"> logement avec une approche sociale. Il s'agit de permettre de vivre chez soi dans un environnement propre<\/span><span class=\"NormalTextRun SCXW128955824 BCX0\">,<\/span><span class=\"NormalTextRun SCXW128955824 BCX0\"> agr\u00e9able <\/span><span class=\"NormalTextRun SCXW128955824 BCX0\">et s\u00e9curis\u00e9<\/span> <span class=\"NormalTextRun SCXW128955824 BCX0\">tout en assurant une pr\u00e9sence bienveillante, un soutien concret et une \u00e9coute active.<\/span><\/span><span class=\"EOP SCXW128955824 BCX0\" data-ccp-props=\"{}\">\u00a0<\/span>","quels_soins_proposons_nous":"<ul>\r\n \t<li>Aide \u00e0 l\u2019entretien: nettoyage des pi\u00e8ces d\u2019habitation, de la vaisselle et son rangement, du changement des draps de lit, de la lessive et du repassage<\/li>\r\n \t<li>Soutien moral: pr\u00e9sence rassurante, stimulation de l\u2019autonomie, lutte contre l\u2019isolement...<\/li>\r\n<\/ul>","une_organisation_pensee_pour_votre_confort_":"<span data-contrast=\"auto\">Un\u00b7e travailleur\u00b7euse social\u00b7e se rend d\u2019abord au domicile pour \u00e9valuer la situation et organiser un accompagnement personnalis\u00e9. Ensemble, la fr\u00e9quence et la dur\u00e9e des prestations sont d\u00e9finies, e<\/span><span data-contrast=\"auto\">n fonction des besoins de l'usager\u00b7\u00e8re et des disponibilit\u00e9s du service.<\/span><span data-ccp-props=\"{}\">\u00a0<\/span>\r\n\r\n<span data-contrast=\"auto\">Sous la supervision du\u00b7e la travailleur\u00b7euse social\u00b7e, et en collaboration avec les autres intervenants du domicile, notre personnel est inform\u00e9 de la situation et travaille en \u00e9quipe, pour assurer la continuit\u00e9 du service et s\u2019adapter au mieux aux besoins.<\/span><span data-ccp-props=\"{}\">\u00a0<\/span>","en_cas_d\u2019urgence_":"<span class=\"TextRun SCXW109634239 BCX0\" lang=\"FR\" xml:lang=\"FR\" data-contrast=\"auto\"><span class=\"NormalTextRun SCXW109634239 BCX0\">Notre service <\/span><span class=\"NormalTextRun SCXW109634239 BCX0\">est disponible par t\u00e9l\u00e9phone<\/span><span class=\"NormalTextRun SCXW109634239 BCX0\"> du lundi au vendredi de 08h \u00e0 16h. <\/span><\/span>\r\n\r\n<span class=\"TextRun SCXW3515131 BCX0\" lang=\"FR\" xml:lang=\"FR\" data-contrast=\"auto\"><span class=\"NormalTextRun SCXW3515131 BCX0\">Pour les demandes urgentes<\/span><\/span><span class=\"TextRun SCXW3515131 BCX0\" lang=\"FR\" xml:lang=\"FR\" data-contrast=\"auto\"><span class=\"NormalTextRun SCXW3515131 BCX0\">, <\/span><span class=\"NormalTextRun SCXW3515131 BCX0\">un service de garde <\/span><span class=\"NormalTextRun SCXW3515131 BCX0\">est disponible par t\u00e9l\u00e9phone<\/span> <span class=\"NormalTextRun SCXW3515131 BCX0\">en dehors de nos horaires<\/span><span class=\"NormalTextRun SCXW3515131 BCX0\">,<\/span> <span class=\"NormalTextRun SCXW3515131 BCX0\">24h\/24 et 7j\/7.\u00a0<\/span><\/span><span class=\"EOP SCXW3515131 BCX0\" data-ccp-props=\"{}\">\u00a0<\/span>","tarification":"<span data-contrast=\"auto\">Le tarif est d\u00e9fini par les bar\u00e8mes officiels fix\u00e9s par la Cocof et est calcul\u00e9 selon la situation personnelle. \u00c0 partir du 1er f\u00e9vrier 2026, les bar\u00e8mes sont compris entre 0,96 et 10,17 euros\/heure.<\/span>\r\n\r\n<span data-contrast=\"auto\">Pour conna\u00eetre les conditions qui s\u2019appliquent, vous pouvez nous contacter au\u00a0<strong>02\u00a0647 03 66<\/strong>.<\/span>","phrase_de_cloture":"Nos \u00e9quipes accompagnent au quotidien avec comp\u00e9tence et humanit\u00e9, pour des aides \u00e0 domicile en toute confiance.\u00a0"},"_links":{"self":[{"href":"https:\/\/bruxelles.aideetsoinsadomicile.be\/en\/wp-json\/wp\/v2\/service\/2349","targetHints":{"allow":["GET"]}}],"collection":[{"href":"https:\/\/bruxelles.aideetsoinsadomicile.be\/en\/wp-json\/wp\/v2\/service"}],"about":[{"href":"https:\/\/bruxelles.aideetsoinsadomicile.be\/en\/wp-json\/wp\/v2\/types\/service"}],"author":[{"embeddable":true,"href":"https:\/\/bruxelles.aideetsoinsadomicile.be\/en\/wp-json\/wp\/v2\/users\/1"}],"version-history":[{"count":10,"href":"https:\/\/bruxelles.aideetsoinsadomicile.be\/en\/wp-json\/wp\/v2\/service\/2349\/revisions"}],"predecessor-version":[{"id":6387,"href":"https:\/\/bruxelles.aideetsoinsadomicile.be\/en\/wp-json\/wp\/v2\/service\/2349\/revisions\/6387"}],"wp:featuredmedia":[{"embeddable":true,"href":"https:\/\/bruxelles.aideetsoinsadomicile.be\/en\/wp-json\/wp\/v2\/media\/6082"}],"wp:attachment":[{"href":"https:\/\/bruxelles.aideetsoinsadomicile.be\/en\/wp-json\/wp\/v2\/media?parent=2349"}],"wp:term":[{"taxonomy":"region","embeddable":true,"href":"https:\/\/bruxelles.aideetsoinsadomicile.be\/en\/wp-json\/wp\/v2\/region?post=2349"},{"taxonomy":"service_tax","embeddable":true,"href":"https:\/\/bruxelles.aideetsoinsadomicile.be\/en\/wp-json\/wp\/v2\/service_tax?post=2349"},{"taxonomy":"type-de-service","embeddable":true,"href":"https:\/\/bruxelles.aideetsoinsadomicile.be\/en\/wp-json\/wp\/v2\/type-de-service?post=2349"}],"curies":[{"name":"wp","href":"https:\/\/api.w.org\/{rel}","templated":true}]}}

<p><span data-contrast="auto">L&rsquo;Aide ménagère sociale est une aide dans l&rsquo;entretien du logement avec une approche sociale. Il s&rsquo;agit de permettre de vivre chez soi dans un environnement propre, agréable et sécurisé tout en assurant une présence bienveillante, un soutien concret et une écoute active.</span><span data-ccp-props="{}"> </span></p>
<p><b><span data-contrast="none">En fonction des besoins</span></b><span data-ccp-props="{&quot;134245418&quot;:true,&quot;134245529&quot;:true,&quot;335559738&quot;:280,&quot;335559739&quot;:80}"> </span></p>
<ul>
<li data-leveltext="●" data-font="" data-listid="15" data-list-defn-props="{&quot;335552541&quot;:1,&quot;335559685&quot;:360,&quot;335559991&quot;:360,&quot;469769242&quot;:[8226],&quot;469777803&quot;:&quot;left&quot;,&quot;469777804&quot;:&quot;●&quot;,&quot;469777815&quot;:&quot;multilevel&quot;}" data-aria-posinset="12" data-aria-level="1"><span data-contrast="auto">Aide à l’entretien&nbsp;: </span><span data-contrast="auto">nettoyage des pièces d’habitation, de la vaisselle et son rangement, du changement des draps de lit et de la lessive et du repassage</span><span data-contrast="auto">.</span><span data-ccp-props="{}"> </span></li>
</ul>
<ul>
<li data-leveltext="●" data-font="" data-listid="15" data-list-defn-props="{&quot;335552541&quot;:1,&quot;335559685&quot;:360,&quot;335559991&quot;:360,&quot;469769242&quot;:[8226],&quot;469777803&quot;:&quot;left&quot;,&quot;469777804&quot;:&quot;●&quot;,&quot;469777815&quot;:&quot;multilevel&quot;}" data-aria-posinset="13" data-aria-level="1"><span data-contrast="auto">Soutien moral&nbsp;: présence rassurante, stimulation de l’autonomie, lutte contre l’isolement&#8230;</span><span data-ccp-props="{}"> </span></li>
</ul>
<p><span data-ccp-props="{}"> </span></p>
<p><b><span data-contrast="none">Organisation pensée pour le bien-être à domicile</span></b><span data-ccp-props="{&quot;134245418&quot;:true,&quot;134245529&quot;:true,&quot;335559738&quot;:280,&quot;335559739&quot;:80}"> </span></p>
<p><span data-contrast="auto">Un travailleur social se rend d’abord au domicile pour évaluer la situation et organiser un accompagnement personnalisé. Ensemble, la fréquence et la durée des prestations sont définies, en fonction des besoins du bénéficiaire et des disponibilités du service.</span><span data-ccp-props="{}"> </span></p>
<p><span data-ccp-props="{}"> </span></p>
<p><span data-contrast="auto">Sous la supervision du travailleur social, et en collaboration avec les autres intervenants du domicile, notre personnel est informé de la situation et travaille en équipe, pour assurer la continuité du service et s’adapter au mieux aux besoins.</span><span data-ccp-props="{}"> </span></p>
<p><span data-ccp-props="{}"> </span></p>
<p><b><span data-contrast="none">Permanence téléphonique </span></b><span data-ccp-props="{&quot;134245418&quot;:true,&quot;134245529&quot;:true,&quot;335559738&quot;:280,&quot;335559739&quot;:80}"> </span></p>
<p><span data-contrast="auto">Notre service est disponible par téléphone du lundi au vendredi de 08h30 à 16h30. Pour les urgences uniquement, notre service de garde est disponible par téléphone en dehors de nos horaires, 24h/24 et 7j/7. </span><span data-ccp-props="{}"> </span></p>
<p><b><span data-contrast="none">Tarification</span></b><span data-ccp-props="{&quot;134245418&quot;:true,&quot;134245529&quot;:true,&quot;335559738&quot;:280,&quot;335559739&quot;:80}"> </span></p>
<p><span data-contrast="auto">Les tarifs peuvent varier selon le type de prestation et la situation personnelle.</span><span data-ccp-props="{}"> </span></p>
<p><span data-ccp-props="{}"> </span></p>
<p><span data-contrast="auto">Pour connaître les conditions exactes qui s’appliquent, contactez l’ASD de votre région.</span><span data-ccp-props="{}"> </span></p>
<p><span data-ccp-props="{}"> </span></p>
<p><span data-contrast="auto">Nos équipes accompagnent au quotidien avec compétence et humanité, pour des aides à domicile en toute confiance.</span><span data-ccp-props="{}"> </span></p>
<p><span data-ccp-props="{}"> </span></p>
<p><b><span data-contrast="auto">BRABANT WALLON &#8211; BRUXELLES &#8211; HAINAUT ORIENTAL &#8211; HAINAUT PICARDIE &#8211; LIÈGE &#8211; LUXEMBOURG &#8211; NAMUR &#8211; VERVIERS &#8211; OSTBELGIEN</span></b><span data-ccp-props="{&quot;335551550&quot;:2,&quot;335551620&quot;:2}"> </span></p>

<ul>
 	<li>Changements de draps de lits</li>
 	<li>Conseil à la sécurité du domicile</li>
 	<li>Entretien des pièces d'habitation</li>
 	<li>Lessive</li>
 	<li>Nettoyage divers (vaisselle, surfaces...)</li>
 	<li>Présence et écoute</li>
 	<li>Repassage</li>
 	<li>...</li>
</ul>

<span class="TextRun SCXW128955824 BCX0" lang="FR-FR" xml:lang="FR-FR" data-contrast="auto"><span class="NormalTextRun SCXW128955824 BCX0">L'Aide ménagère sociale est une aide dans l'entretien </span><span class="NormalTextRun SCXW128955824 BCX0">du</span><span class="NormalTextRun SCXW128955824 BCX0"> logement avec une approche sociale. Il s'agit de permettre de vivre chez soi dans un environnement propre</span><span class="NormalTextRun SCXW128955824 BCX0">,</span><span class="NormalTextRun SCXW128955824 BCX0"> agréable </span><span class="NormalTextRun SCXW128955824 BCX0">et sécurisé</span> <span class="NormalTextRun SCXW128955824 BCX0">tout en assurant une présence bienveillante, un soutien concret et une écoute active.</span></span><span class="EOP SCXW128955824 BCX0" data-ccp-props="{}"> </span>

<ul>
 	<li>Aide à l’entretien: nettoyage des pièces d’habitation, de la vaisselle et son rangement, du changement des draps de lit, de la lessive et du repassage</li>
 	<li>Soutien moral: présence rassurante, stimulation de l’autonomie, lutte contre l’isolement...</li>
</ul>

<span data-contrast="auto">Un·e travailleur·euse social·e se rend d’abord au domicile pour évaluer la situation et organiser un accompagnement personnalisé. Ensemble, la fréquence et la durée des prestations sont définies, e</span><span data-contrast="auto">n fonction des besoins de l'usager·ère et des disponibilités du service.</span><span data-ccp-props="{}"> </span>

<span data-contrast="auto">Sous la supervision du·e la travailleur·euse social·e, et en collaboration avec les autres intervenants du domicile, notre personnel est informé de la situation et travaille en équipe, pour assurer la continuité du service et s’adapter au mieux aux besoins.</span><span data-ccp-props="{}"> </span>

<span class="TextRun SCXW109634239 BCX0" lang="FR" xml:lang="FR" data-contrast="auto"><span class="NormalTextRun SCXW109634239 BCX0">Notre service </span><span class="NormalTextRun SCXW109634239 BCX0">est disponible par téléphone</span><span class="NormalTextRun SCXW109634239 BCX0"> du lundi au vendredi de 08h à 16h. </span></span>

<span class="TextRun SCXW3515131 BCX0" lang="FR" xml:lang="FR" data-contrast="auto"><span class="NormalTextRun SCXW3515131 BCX0">Pour les demandes urgentes</span></span><span class="TextRun SCXW3515131 BCX0" lang="FR" xml:lang="FR" data-contrast="auto"><span class="NormalTextRun SCXW3515131 BCX0">, </span><span class="NormalTextRun SCXW3515131 BCX0">un service de garde </span><span class="NormalTextRun SCXW3515131 BCX0">est disponible par téléphone</span> <span class="NormalTextRun SCXW3515131 BCX0">en dehors de nos horaires</span><span class="NormalTextRun SCXW3515131 BCX0">,</span> <span class="NormalTextRun SCXW3515131 BCX0">24h/24 et 7j/7. </span></span><span class="EOP SCXW3515131 BCX0" data-ccp-props="{}"> </span>

<span data-contrast="auto">Le tarif est défini par les barèmes officiels fixés par la Cocof et est calculé selon la situation personnelle. À partir du 1er février 2026, les barèmes sont compris entre 0,96 et 10,17 euros/heure.</span>

<span data-contrast="auto">Pour connaître les conditions qui s’appliquent, vous pouvez nous contacter au <strong>02 647 03 66</strong>.</span>

Nos équipes accompagnent au quotidien avec compétence et humanité, pour des aides à domicile en toute confiance.
